d by 143?
138
What is the remainder when 210415 is divided by 105125?
165
What is the remainder when 539594 is divided by 539557?
37
Calculate the remainder when 27442958 is divided by 203.
200
Calculate the remainder when 1161216 is divided by 2985.
51
What is the remainder when 18614 is divided by 118?
88
Calculate the remainder when 155260 is divided by 77424.
412
What is the remainder when 1265307 is divided by 109?
35
What is the remainder when 162418 is divided by 3529?
84
Calculate the remainder when 42810 is divided by 2291.
1572
Calculate the remainder when 21991648 is divided by 297.
283
Calculate the remainder when 785202 is divided by 785116.
86
Calculate the remainder when 23933 is divided by 814.
327
What is the remainder when 432977 is divided by 11099?
116
What is the remainder when 10326 is divided by 763?
407
What is the remainder when 282626 is divided by 2593?
2582
Calculate the remainder when 497015 is divided by 702.
701
Calculate the remainder when 61698855 is divided by 8814122.
1
Calculate the remainder when 10143904 is divided by 563548.
40
What is the remainder when 938528 is divided by 133862?
1494
Calculate the remainder when 32297117 is divided by 6459417.
32
Calculate the remainder when 58738 is divided by 7326.
130
Calculate the remainder when 957503 is divided by 188.
19
Calculate the remainder when 23813362 is divided by 19.
16
Calculate the remainder when 2476932 is divided by 1238336.
260
What is the remainder when 190129 is divided by 54?
49
What is the remainder when 364144 is divided by 548?
272
Calculate the remainder when 6616726 is divided by 54.
52
What is the remainder when 711650 is divided by 122?
24
What is the remainder when 223114 is divided by 19995?
3169
What is the remainder when 497189 is divided by 209?
187
What is the remainder when 1385985 is divided by 146?
7
What is the remainder when 235455 is divided by 7135?
0
What is the remainder when 1284248 is divided by 40132?
24
What is the remainder when 4771608 is divided by 1412?
460
What is the remainder when 279871013 is divided by 4290?
4283
What is the remainder when 6051204 is divided by 23?
19
What is the remainder when 905365 is divided by 15342?
187
What is the remainder when 39781 is divided by 1989?
1
What is the remainder when 15755182 is divided by 184?
182
Calculate the remainder when 9650530 is divided by 81.
28
What is the remainder when 3341437 is divided by 920?
917
What is the remainder when 223238 is divided by 15945?
8
What is the remainder when 1203475 is divided by 778?
687
Calculate the remainder when 613509 is divided by 523.
30
What is the remainder when 325841 is divided by 2063?
1950
What is the remainder when 967321877 is divided by 8?
5
What is the remainder when 6402114 is divided by 224?
194
What is the remainder when 11871320 is divided by 83?
79
What is the remainder when 422701 is divided by 3203?
3108
Calculate the remainder when 1687037 is divided by 871.
781
What is the remainder when 3999141 is divided by 499892?
5
What is the remainder when 19893695 is divided by 6631231?
2
What is the remainder when 77487 is divided by 3224?
111
What is the remainder when 1801718 is divided by 40?
38
What is the remainder when 1461946 is divided by 1461938?
8
Calculate the remainder when 906250 is divided by 20110.
1300
What is the remainder when 17356301 is divided by 147087?
35
What is the remainder when 1479472 is divided by 739732?
8
What is the remainder when 34667977 is divided by 1195446?
43
What is the remainder when 1222764 is divided by 305490?
804
What is the remainder when 587307 is divided by 24467?
99
What is the remainder when 695583 is divided by 2107?
273
What is the remainder when 31706244 is divided by 62?
2
Calculate the remainder when 119211 is divided by 118866.
345
Calculate the remainder when 1222704 is divided by 1222666.
38
What is the remainder when 1439992 is divided by 719993?
6
What is the remainder when 210181197 is divided by 20?
17
What is the remainder when 598772 is divided by 729?
263
What is the remainder when 48257 is divided by 85?
62
Calculate the remainder when 8600 is divided by 751.
339
Calculate the remainder when 326071 is divided by 15525.
46
Calculate the remainder when 867692 is divided by 867558.
134
What is the remainder when 2388361 is divided by 23?
18
Calculate the remainder when 9620250 is divided by 1603313.
372
What is the remainder when 1504183 is divided by 406?
359
Calculate the remainder when 227788 is divided by 37788.
1060
What is the remainder when 514281 is divided by 11?
9
Calculate the remainder when 1322414 is divided by 15923.
805
Calculate the remainder when 18699918 is divided by 2207.
7
Calculate the remainder when 311099 is divided by 100.
99
What is the remainder when 2041197 is divided by 4?
1
What is the remainder when 11098608 is divided by 160?
48
Calculate the remainder when 13631958 is divided by 818.
806
Calculate the remainder when 14184459 is divided by 435.
414
What is the remainder when 1797912 is divided by 105?
102
Calculate the remainder when 122006 is divided by 121847.
159
What is the remainder when 596694254 is divided by 786?
782
What is the remainder when 73180 is divided by 387?
37
What is the remainder when 40489367 is divided by 855?
842
Calculate the remainder when 1408410 is divided by 56.
10
Calculate the remainder when 2336090 is divided by 583508.
2058
What is the remainder when 301897 is divided by 5591?
5574
Calculate the remainder when 555501 is divided by 111.
57
Calculate the remainder when 42309 is divided by 208.
85
What is the remainder when 133377 is divided by 2560?
257
What is the remainder when 1661759 is divided by 219?
206
What is the remainder when 3928281 is divided by 16716?
21
What is the remainder when 95588121 is divided by 14?
13
Calculate the remainder when 1356967 is divided by 12676.
635
What is the remainder when 384021 is divided by 211?
1
Calculate the remainder when 14941816 is divided by 28957.
4
What is the remainder when 628949 is divided by 125386?
2019
Calculate the remainder when 4196610 is divided by 297.
0
Calculate the remainder when 13142 is divided by 5050.
3042
Calculate the remainder when 2119669 is divided by 224.
181
What is the remainder when 30355530 is divided by 4826?
4816
Calculate the remainder when 5667857 is divided by 395.
2
Calculate the remainder when 10368261 is divided by 254.
235
Calculate the remainder when 28594006 is divided by 118157.
12
Calculate the remainder when 2706569 is divided by 2103.
8
What is the remainder when 8511409 is divided by 85114?
9
Calculate the remainder when 23733661 is divided by 910.
861
What is the remainder when 28563020 is divided by 46?
10
What is the remainder when 191649 is divided by 95770?
109
Calculate the remainder when 4134090 is divided by 29.
24
Calculate the remainder when 15296 is divided by 10929.
4367
What is the remainder when 527200 is divided by 2168?
376
What is the remainder when 9480769 is divided by 497?
494
Calculate the remainder when 710098 is divided by 5413.
995
What is the remainder when 2260561 is divided by 1773?
1759
What is the remainder when 424335 is divided by 84840?
135
Calculate the remainder when 3505033 is divided by 1752503.
27
What is the remainder when 22079004 is divided by 1845?
1734
What is the remainder when 851439 is divided by 16681?
708
What is the remainder when 547596395 is divided by 12?
11
Calculate the remainder when 30980 is divided by 134.
26
Calculate the remainder when 457483 is divided by 574.
5
What is the remainder when 307630 is divided by 9920?
110
Calculate the remainder when 1800525 is divided by 1026.
921
What is the remainder when 2089050 is divided by 1044455?
140
What is the remainder when 1545593 is divided by 1545590?
3
What is the remainder when 20003 is divided by 16893?
3110
Calculate the remainder when 141268 is divided by 2945.
2853
Calculate the remainder when 40854725 is divided by 33.
32
Calculate the remainder when 48012 is divided by 30.
12
Calculate the remainder when 84867 is divided by 28107.
546
What is the remainder when 2127495 is divided by 19518?
33
Calculate the remainder when 9705 is divided by 4731.
243
What is the remainder when 1244214 i